econd derivative of -s**4/24 - 5*s**3/6 - 3*s**2/2 + 4*s. Let b(o) be the first derivative of v(o). Give b(-5).
0
Let o(b) = 3*b**3. Let r(q) = -q**3 - q**2. Let g(l) = o(l) + 4*r(l). Let k = 2 + -7. Let s(x) = -x**2 - 5*x - 4. Let c be s(k). What is g(c)?
0
Let z(j) = -3*j**2 + 5*j + 8. Let q(g) = -g**2 + 3*g + 4. Let t(d) = 5*q(d) - 2*z(d). What is t(-6)?
10
Suppose -m - 16 = 3*m. Let p(w) = -w**3 - 4*w**2 + 3*w + 2. Give p(m).
-10
Let v(g) = -2*g**2 - 6*g - 3. Let o be v(-2). Let b(z) = -3*z + 1. Determine b(o).
-2
Let n(w) = -w**3 + 3*w**2 + 2*w - 2. Let m be n(3). Let h(f) be the second derivative of 1/6*f**3 + 3/2*f**2 - 7*f + 0. Give h(m).
7
Let d(o) = -16*o**3 + 14*o + 3. Let v(c) = 5*c**3 - 5*c - 1. Let x(t) = -3*d(t) - 8*v(t). Let s be (-6)/2*(-1)/1. Suppose -s*l - 2 = -l. What is x(l)?
-7
Suppose 0 = g + 4*g - 100. Suppose 2*z - g = -2*z. Let d(m) = m**2 - 5*m + 3. Determine d(z).
3
Let s(l) = 2*l**2 - 4*l + 7. Let v(p) = -p**2 + p - 1. Let j(d) = -s(d) - 3*v(d). Calculate j(3).
8
Let h(b) = 7*b**2 - b - 11*b**2 - 6*b**2. Let w(u) = -u**2 + 5*u + 1. Let p be w(5). What is h(p)?
-11
Let y(s) be the first derivative of 5*s**3/6 + s**2/2 + s - 2. Let n(b) be the first derivative of y(b). Give n(1).
6
Let w(a) = -a**3 + a**2 + 3*a - 2. Let p = 21 - 19. Calculate w(p).
0
Let h(u) = u**3 - 16*u**2 + 16*u - 12. Let l be h(15). Suppose 0 = l*b - 4*b. Let c(f) = -f**3 - f**2 - 4. What is c(b)?
-4
Let a(n) = 4*n + 6 - 10*n + 4*n + 3*n. Calculate a(0).
6
Let x(d) = -d + 13. Let q be x(10). Suppose 0 = -3*k - q - 3. Let u(h) = -h - 2. What is u(k)?
0
Suppose 0*b - 5*b - 30 = 0. Let v be b/15 + 36/15. Let d(w) = 0*w - 1 + w**3 - w + 0*w**3. What is d(v)?
5
Let q(k) be the first derivative of -k**2 + 6*k + 1. Suppose 4*w + 0 = 2*c + 10, 4*w = -2*c + 30. Calculate q(w).
-4
Let p(b) = -b**2 - 3 - 4 - 3 - 1 - 9*b. Let i be p(-8). Let m(q) be the third derivative of -q**4/24 - 2*q**3/3 - q**2. Determine m(i).
-1
Let q = 60 - 64. Let f(j) = -3*j - 6. Determine f(q).
6
Let o = 19 + -18. Suppose 5*f = -4*x + 4, 0*f - 2*f - 4 = -4*x. Let p(g) = 3*g - x + 0*g + 0. Calculate p(o).
2
Let l(r) = r**2. Let v(j) = -3*j + j - 3*j + 5 - 3*j**2 - 3*j. Let q(p) = -4*l(p) - v(p). Determine q(6).
7
Let u(w) = w**2 - 2*w + 3. Let m be u(2). Suppose 8 = 4*x, 24 = -5*k + 5*x - m*x. Let z(f) = -2*f - 1 + f**2 + 4*f**2 - 6*f**2. Determine z(k).
-9
Let i(r) = 2 + 4*r - 1 + 0*r. Let v = -6 - 6. Let l be 3/v + 14/(-8). Give i(l).
-7
Suppose 3*m = -5*v + 12, 0 = 3*v + 2*v - 3*m + 12. Let j(o) = o**2 + 15. Give j(v).
15
Suppose -5*d - 5*c + 40 = 0, 0 = -d - 0*d - 2*c + 13. Let b(u) = u**2 - 5*u + 2. What is b(d)?
-4
Let k = -4 - -6. Let q(h) = k*h + h**3 - 3 + 2 + 4*h**2 + 4. What is q(-4)?
-5
Let z(c) = 10*c - 4*c + 6 - 4*c. Determine z(-7).
-8
Let b(c) = 4*c - 1. Let h be b(1). Let d = -7 - -12. Let p(a) = d*a - 3*a + a. Give p(h).
9
Let g(j) be the third derivative of j**6/120 + j**5/60 - j**4/12 + j**3/6 + 10*j**2. What is g(-2)?
1
Let x(h) = -h + 6. Let n(d) = -d**3 + d**2 - d - 5. Let r be n(0). Let g(a) = 3*a - 11. Let q(p) = r*x(p) - 3*g(p). Calculate q(2).
-5
Let j(r) = -r**3 - r**2 + 3*r - 2. Suppose 0 = -4*c - h - 1, -h = -0*c - 2*c - 5. Let l be 1/c*(4 - 1). Give j(l).
7
Let x(b) = b**2 - 2 + 3 + 2*b - 5*b**3 - b. Let c(q) = -q**3 + q**2 + 5*q - 3. Let l be c(3). Let m = l + 5. Calculate x(m).
6
Let s(y) = -3 - 120*y**2 + 121*y**2 + 4*y - 5. Give s(-6).
4
Let y(i) = -2*i**2 + 2*i - 3. Let c(z) = -z + 1. Suppose 5*a = 3*h + 9, 2*a + 6 - 20 = -4*h. Let m(s) = a*c(s) + y(s). Determine m(-1).
-1
Let n(s) be the third derivative of -5*s**4/24 - s**3/2 - 3*s**2. Determine n(-5).
22
Let v(b) be the second derivative of 1/6*b**3 + 2*b + 0 - 1/2*b**2. Determine v(-3).
-4
Let c(g) = -3596*g**3 - 3 + 3597*g**3 + 4. Give c(0).
1
Suppose 0 = 4*z - z - 18. Suppose a + 2*a = z. Let m(k) be the first derivative of k**3/3 + k**2 + 1. Calculate m(a).
8
Let q(s) be the second derivative of s**4/12 + 2*s**3/3 - 3*s**2 + s. Let x = 78 - 83. Give q(x).
-1
Let l(d) = 6*d**2 - 4*d + 3*d + 2*d + d**3 - 4. Suppose 5*q - 79 + 109 = 0. What is l(q)?
-10
Suppose 2*k + 39 = 31. Let u(r) = -r**3 - 3*r**2 + 3*r + 6. What is u(k)?
10
Let q(c) = -c**3 - c**2 + c. Let t(x) = -x**3 + 9*x**2. Let h be t(9). Suppose -3*p = -h*p. Give q(p).
0
Let k(v) be the third derivative of 7*v**4/24 - v**3/6 + v**2. Let b(q) = 2*q**2 + 3*q + 3. Let i be b(-3). Let d be -2 + (-4)/(i/(-9)). Calculate k(d).
6
Let w(j) = j + 3. Let i be (-18)/(-12)*-2 + -3. Determine w(i).
-3
Let l(s) = s**2 + s**3 - 9*s**2 + 2 + 14*s**2 + 5*s + 2. Give l(-5).
4
Let t(q) be the third derivative of -q**6/120 + q**5/15 - q**4/6 - q**3/6 + 17*q**2. Determine t(3).
-4
Let s(j) = 31*j - 5 - 10*j**2 + 9*j**2 - 32*j. Suppose 4*x + f = 11, -5*x - 5*f + 23 = -2. Suppose -4 = 2*n, 0*o - n = o + x. What is s(o)?
-5
Let r = -4 - -5. Let u(t) = -t**3 + 2*t**2 - 1. Determine u(r).
0
Suppose -9*m = -7*m + 4. Let k(g) = g. Give k(m).
-2
Let u(a) = -a**3 + 3*a + a + 5*a**2 - 3 - 5*a**2. Give u(3).
-18
Suppose -3*n + 12 = 0, 2*n = -y - n + 12. Let o(a) = a**2 + 5. Let q(c) = c**2 + 5. Let j(d) = 2*o(d) - 3*q(d). Give j(y).
-5
Let j(k) = -k + 1. Let w(n) = 7*n - 5. Suppose 2*b + 0*b - 14 = 0. Let x = 12 - b. Let v(a) = x*j(a) + w(a). What is v(-3)?
-6
Let o be (-44)/(-55)*(-5)/(-2). Let z(p) = -p**2 + 2*p - 3 + 4 + 3*p**3 - o - p**2. What is z(1)?
2
Let v(r) be the second derivative of -r**4/12 - 2*r**3/3 + 5*r. Give v(-5).
-5
Let o(s) = -4*s. Let k(c) = 2*c**2 - 2. Let w be k(2). Suppose 4*l - 2 = -w. Determine o(l).
4
Let z(k) = 2*k - 4. Let f(h) = -2*h - 7. Let o be f(-6). Let i(a) = -a**2 + 6*a - 2. Let m be i(o). Give z(m).
2
Let s(d) = -2*d - 1. Let v be s(-3). Let b(a) = a**2 - 8*a - 4. Let m(n) = -n**2 + 9*n + 4. Let i(z) = -6*b(z) - 5*m(z). Give i(v).
-6
Suppose 3*n - 11 = 4*s, 0 = -2*s - 7*n + 5*n - 16. Let f(q) = -q**2 - 6*q + 2. What is f(s)?
7
Let v(i) = -i**3 - 8*i + 22*i**2 - 6 + 2*i**3 - 8*i**2 - 11*i**2. Determine v(-5).
-16
Let y(f) = f**2 + 2. Let g be y(0). Suppose s = 3*b - 12, 4*b - g - 19 = 3*s. Let d(z) = z**3 + 4*z**2 + 2*z + 1. What is d(s)?
4
Let r(g) be the third derivative of g**4/8 + 2*g**2. Calculate r(-5).
-15
Let o(h) = 7*h**2 + 5*h + 6. Let w(t) = t**2 + 1. Let x(p) = -o(p) + 6*w(p). Give x(-6).
-6
Let c(j) = 2*j. Let z be c(3). Let l be 2/4 + 9/z. Let d(g) = 7*g + 2*g**3 - 7*g - 2*g**l. Give d(2).
8
Let q(z) = z**3 + 3*z**2 + 3*z + 1. Suppose -4*w + 10 = w + 2*o, -3*w = -2*o + 10. Suppose -m + 0 + 2 = w. Suppose m = 3*j + 8. What is q(j)?
-1
Let p(h) = 3*h - 9. Let t(w) = -7*w + 17. Let r(o) = -5*p(o) - 2*t(o). Calculate r(6).
5
Let i(j) = j**2 - j - 2. Let h be 0/((2 - 4)/1). Let u = h - 0. Calculate i(u).
-2
Let i(l) be the third derivative of -l**6/360 - l**5/30 - l**4/8 - l**3/6 + l**2. Let y(a) be the first derivative of i(a). Give y(-3).
0
Let h(x) be the second derivative of -x**5/20 + x**4/2 + x**3/3 - 5*x**2/2 - 6*x - 3. What is h(6)?
7
Let l = -245/12 - -62/3. Let x(b) be the first derivative of -l*b**4 + 3 + 1/2*b**2 - 11*b + 1/3*b**3. Determine x(0).
-11
Let o(q) = 0*q + 4*q + 3 + 3*q - 8*q. What is o(0)?
3
Suppose -3*b = 4*i - 2*b - 32, -4*b - 24 = -3*i. Suppose -4*v = i, 0*v = 2*t - 5*v - 8. Let j(w) be the first derivative of -w**2/2 - w + 1. Calculate j(t).
0
Let k = 4 + -9. Let r(c) = c - 1. Give r(k).
-6
Let g = -57 + 64. Let w(l) = -l**3 + 6*l**2 + 9*l - 4. Determine w(g).
10
Let l(d) = -d + 2. Let t be 1 + 1 + (-1 - 2). Let j be (-2)/(-1) - (1 - t). Suppose 0 = -k - 5*u + 11, -u + 3 = k - j*k. Determine l(k).
1
Let r(g) = -g**3 + 4*g**3 - g**2 + g + 3 + 6 - 2*g**3 - 3. Let l = -1 + 1. Calculate r(l).
6
Suppose -u + 3*u = -8. Let n(f) = -4*f - 4. Let c(w) = w + 1. Suppose -3*i + 6 = -4*l, 4*l - 2 = -i + l. Let y(d) = i*n(d) + 9*c(d). Calculate y(u).
-3
Let j(f) = -f**2 - 6*f - 6. Let u(z) = z**3 - z**2 - z - 4. Let v be u(0). Let r be j(v). Let t(y) = 0 - 1 - r*y + y. Determine t(-1).
0
Suppose 17 = 2*f + 1. Suppose -6 = 2*b - b. Let n = f + b. Let g(s) = -s**3 + 3*s**2 + 1. Give g(n).
5
Let v(g) = -2*g**3 + g**2 - 1. Suppose 5 = 5*l - 5. Give v(l).
-13
Let s(r) = 4*r**2 - 2*r - 2. Let q(g) = g**2 - g - 1. Let n(t) = -3*q(t) + s(t). Determine n(-3).
7
Let n(r) = 8*r**2 - 8*r + 12*r**2 + 7 - 19*r